b*g + 8 = -0*g. What is the units digit of (-11)/g*2*2?
2
Suppose 3 - 4 = -3*b + w, -2*b = 5*w + 22. Let f = 42 + b. What is the tens digit of f?
4
Let v(f) = 60*f**2 + 2*f - 2. What is the hundreds digit of v(-2)?
2
Let r(t) = 3*t**2 - 2*t - 2. Let g be r(-1). Suppose -o + 5 = 0, g*o - 199 - 245 = -3*u. What is the units digit of u?
3
Let y = 134 - 64. Suppose -4*f - 42 = -h + 8, 0 = -2*h - 2*f + y. What is the units digit of h?
8
Suppose a - 14 = 2*s + 6*a, 0 = 3*a. Let x(p) be the second derivative of p**5/20 + 2*p**4/3 + 5*p**3/6 - 4*p**2 + 2*p. What is the units digit of x(s)?
6
Let z(m) = -422*m - 12. Let c be z(-6). Suppose -c = 3*b - 7*b. What is the units digit of b/24 - 1/4?
6
Let w be (-8)/10 - (-604)/(-20). Let k = -29 - w. Suppose -2*s = k*s - 188. What is the tens digit of s?
4
Let a = 35 + 227. Suppose -3*t - 2*f + a = 0, t + 3*t + 5*f = 361. What is the tens digit of t?
8
What is the tens digit of (30060/(-120))/((-6)/4)?
6
What is the units digit of (48/192)/(1/1892)?
3
Suppose 7 = o - 102. What is the units digit of o?
9
Suppose -p + 2 = 3*s + 8, 0 = -p + 2*s + 9. Suppose p = 6*a - 5*a. What is the units digit of a?
3
Let q(h) = -h**2 - 11*h - 4. Let n be q(-8). Suppose 3*m = -5*j - 12, -7*m - j - n = -2*m. What is the units digit of (2 + -6)*40/m?
0
What is the thousands digit of 6/8*12*(-706)/(-3)?
2
What is the units digit of (3/12)/(2/25512)?
9
Suppose -5*n = 3*x - n - 1, -5*x + 7 = 4*n. Let u be (x - -2)/((-1)/(-1)). Suppose u*f = -1 + 6. What is the units digit of f?
1
Let s = 84 - 39. Let c be (-6)/s - (-3426)/45. Suppose 44 = 4*h - c. What is the units digit of h?
0
What is the units digit of 218 + (-6)/(-3) - (-8 - -5)?
3
Let n = -21 + 24. Suppose n*g - 256 = -g. What is the tens digit of g?
6
Suppose 12*x = 18*x - 78. Let g(v) = 11*v - 32. Let y(q) = 4*q - 11. Let j(s) = 3*g(s) - 8*y(s). What is the units digit of j(x)?
5
Suppose 17 = 4*f + 5*t, 2*f - 5*f - 31 = -5*t. Let d be 1*(-24)/(-5 - f). Suppose -3*z + 88 = 4*o, -30 + d = -o + 5*z. What is the tens digit of o?
2
Let x(t) = -t**2 + 5*t - 2. Let n be x(3). Suppose q = -q + n, 3*z - 4*q = 70. What is the tens digit of z?
2
Suppose 6*o = 7*o - 20. Let b = o + -17. Suppose -b*k + 48 = -k. What is the units digit of k?
4
Let x = -17 - -35. Let f be (-368)/(-14) + x/(-63). Let s = f + -14. What is the tens digit of s?
1
Let n = -2 + 5. Suppose 1 - 10 = -n*q. Suppose -3*d = 2*o - 11 + 1, -q*o - 2*d + 15 = 0. What is the units digit of o?
5
Suppose 0 = -4*o - 11 - 5. What is the hundreds digit of 2/((o/208)/(-3 + 2))?
1
Let y(n) = 2*n**2 - 25*n - 32. What is the tens digit of y(23)?
5
Let m(x) = -195*x**3 - 2*x**2 + x + 2. Let f be 28/(-20) - ((-16)/(-20))/(-2). What is the hundreds digit of m(f)?
1
Suppose 5*l - 7*l = -76. Suppose 2*a + 2*a + 2*w - 116 = 0, a + 5*w = l. What is the units digit of a?
8
Let p(v) = 540*v**2 - 3*v + 3. What is the hundreds digit of p(1)?
5
Suppose -34 = -9*n - 7. Let t = -11 - -33. Suppose -2*k + 1 = -3*b + n*k, t = 4*b - 2*k. What is the units digit of b?
8
Let k(i) be the third derivative of 7*i**6/360 - i**5/120 - i**4/2 - 13*i**2. Let q(c) be the second derivative of k(c). What is the tens digit of q(2)?
2
Let i = -14 + 23. Suppose -2 = -10*r + i*r. Suppose p = 2*f - 34, r*f + 0*p = -4*p + 34. What is the tens digit of f?
1
Let t be -5 - (0 + 3 - 2). Let g be (-4)/t + 14/6. Suppose 0 = g*y - 2*y - 33. What is the tens digit of y?
3
Let c(x) = 5*x**2 + 8*x + 83. Let q(p) = -4*p**2 - 7*p - 82. Let j(l) = -5*c(l) - 6*q(l). What is the units digit of j(0)?
7
Suppose 76*l - 80*l + 1732 = 0. What is the units digit of l?
3
Let k(x) = 6*x**3 + x**2 + 2*x + 3. Let c be k(4). Suppose 2*u - 244 = -y, 4*y + 5*u - 556 = c. What is the hundreds digit of y?
2
Let q(k) = -k + 1. Let i be q(6). Let r be 74/(-5) + i/25. Let m = 27 + r. What is the tens digit of m?
1
Let j(p) = 12*p - 14. Suppose a + 20 = 6*a. What is the tens digit of j(a)?
3
Let i(j) = 5*j**2 - 10*j - 9. What is the hundreds digit of i(6)?
1
Suppose 2*c = 52 + 60. Let b = 7 + c. What is the units digit of b?
3
Let v = -30 + 944. What is the hundreds digit of v?
9
Let a(r) = r**3 - 25*r**2 + 34*r - 23. What is the hundreds digit of a(24)?
2
Let o(h) = 2*h**2 + h - 27. Let z be o(-8). Suppose -1713 = -6*u - z. What is the units digit of u?
0
Let x(m) = -m + 13. Let t be x(7). Suppose 4*c - 2*c - t = 0. Suppose -2*l + 3*r = -21, 5*l - c*l - 2*r - 24 = 0. What is the tens digit of l?
1
Let h = 2281 - 1370. What is the tens digit of h?
1
Let c(q) = 26*q + 76. What is the units digit of c(31)?
2
Let w = -396 + 777. What is the units digit of w?
1
Let p = 11 + -6. Suppose -4*o = p - 109. What is the units digit of o?
6
Let s(v) = v**3 - 13*v**2 + 13*v. Let g be 59/5 + (-1)/(-5). What is the tens digit of s(g)?
1
Let c = -24 - -15. Suppose -2*z - 41 = -f, 157 = 8*f - 3*f + 2*z. Let r = f + c. What is the tens digit of r?
2
Suppose -3*a - a = 20. Let w(k) = 2*k**3 + 13*k**2 + 5*k + 7. What is the units digit of w(a)?
7
Let b = -44 - 304. Let z = 491 + b. What is the units digit of z?
3
Let h(d) = -2*d + 14. Let l be h(7). Suppose l = -5*z + 15, b + 2*b = 2*z. What is the units digit of b?
2
Let a = 465 + -196. What is the hundreds digit of a?
2
What is the tens digit of ((-9)/(-6))/((17/(-1140))/(-17))?
1
Suppose -j - q + 4*q = -14, 0 = 4*j + 4*q + 8. Let l(h) = 3 + 4*h**2 - 2*h - 2*h**2 + 2 - j*h. What is the tens digit of l(4)?
2
Let a be (-1)/(-4) + (-14)/(-8). Let g = -204 - -205. What is the units digit of g/a + (-23)/(-2)?
2
Let f(n) = n**2 + 8*n - 9. Let k be f(-9). What is the tens digit of 0 + 2 - (2 - (k - -80))?
8
Let d(x) = 2*x**2 + 24*x - 26. Let m be d(-22). Suppose 5*i = -i + m. What is the units digit of i?
9
Suppose n - 3 = 4. Suppose 0 = -2*r - n + 53. What is the units digit of r?
3
Let r(m) = -13 + 3 - 31*m - 16*m**2 - 7. Let h(u) = -5*u**2 - 10*u - 6. Let x(j) = -7*h(j) + 2*r(j). What is the units digit of x(-5)?
3
Let l be (-4)/28 + 276/(-28). Let s(x) = 0*x**2 + 8 + x**3 + 11*x**2 + 8*x - 2. What is the tens digit of s(l)?
2
Suppose u - 6 = -n, 2*u = -3*u + 5*n + 80. Let s(i) = 9*i - 1. Let j be s(5). Suppose 7*v - u*v + j = 0. What is the units digit of v?
1
Suppose -43*u + 53*u - 5470 = 0. What is the tens digit of u?
4
Suppose -37*i + 19253 + 5056 = 0. What is the tens digit of i?
5
Let y(d) = 16*d**3 + 11*d**2 + d + 29. Let z(c) = -8*c**3 - 6*c**2 - c - 14. Let w(f) = 6*y(f) + 11*z(f). What is the units digit of w(3)?
1
Let h = 836 - 87. What is the hundreds digit of h?
7
Suppose 2*r + 5*n - 7597 = 0, -r - 3*n = -0*n - 3797. What is the thousands digit of r?
3
Let x be (-1)/(3 - 21/6). Suppose x*u = -4*n + 26, 5*u = -5*n + 39 + 1. Suppose 3*k = k + d + 25, -85 = -4*k - n*d. What is the units digit of k?
5
Let v(n) = -n**2 + 3. Let r be v(0). Let y(i) = -22*i + 10*i + i**2 + 9*i + 3 + i**3. What is the units digit of y(r)?
0
Let y(c) = 3*c**2 - 2*c - 8. Let f = -56 + 61. What is the units digit of y(f)?
7
Suppose -3024 - 288 = 16*v. Let m = v - -301. What is the tens digit of m?
9
Let y(u) be the third derivative of u**6/120 + u**5/10 - 5*u**4/24 - 3*u**3/2 - u**2. Suppose 20*r + 84 + 36 = 0. What is the units digit of y(r)?
1
Suppose 5*a = 28 - 8. Suppose 6*m - 2*m - 708 = 4*r, a*r - 354 = -2*m. What is the tens digit of (m/6)/(5/10)?
5
Suppose 5*p - 2414 = 521. What is the hundreds digit of p?
5
Let h = 154 + 246. What is the units digit of h?
0
Suppose -a = -5*l - 6*a + 8240, -3314 = -2*l + 4*a. What is the thousands digit of l?
1
Suppose -x - 3*g = -813 - 300, -4*x + 4480 = 5*g. What is the hundreds digit of x?
1
Suppose 9*g - 3770 = -4*g. What is the tens digit of g?
9
Suppose -4*t - 9 - 11 = 0, -2*t = -2*z + 20. Let m be z/25 - (-24)/5. Let f = 25 - m. What is the units digit of f?
0
Let s(o) = o**3 + 12*o**2 + 10*o - 14. Let c be s(-11). What is the tens digit of (-289)/(-4) + c/12?
7
Let q = -3 - -12. Suppose -51 = -f - h, q*f - 4*h - 219 = 4*f. What is the tens digit of f?
4
Suppose -x = -0*x - 5. Let j(u) = 4*u**2 - 5*u - 7. What is the tens digit of j(x)?
6
Let i = 84 + -11. Suppose i = 4*o - 3. What is the units digit of (27/(-3))/(-3) + o?
2
Suppose 251 = -4*c - 5*q + 2*q, -q + 247 = -4*c. Let s = 57 - c. What is the tens digit of s?
1
Suppose 0*m 